me factors of 163290675?
3, 5, 191, 11399
What are the prime factors of 202467533?
202467533
List the prime factors of 1735821627.
3, 19, 30453011
What are the prime factors of 1947503289?
3, 17, 271, 140909
What are the prime factors of 11296693?
421, 26833
List the prime factors of 568680057.
3, 11, 97, 59219
What are the prime factors of 92667426?
2, 3, 53, 311, 937
What are the prime factors of 1076597244?
2, 3, 3322831
What are the prime factors of 67642454?
2, 11, 3074657
List the prime factors of 77238811.
13, 5941447
What are the prime factors of 1143811212?
2, 3, 571, 166931
What are the prime factors of 570334406?
2, 285167203
List the prime factors of 151002110.
2, 5, 7, 2157173
List the prime factors of 67079168.
2, 13, 5039
What are the prime factors of 61000356?
2, 3, 5083363
What are the prime factors of 336252869?
336252869
List the prime factors of 183094516.
2, 11, 29, 43, 47, 71
List the prime factors of 1942854.
2, 3, 181, 1789
What are the prime factors of 190178011?
19, 10009369
List the prime factors of 429806208.
2, 3, 13, 37, 179
List the prime factors of 96269495.
5, 7, 2750557
List the prime factors of 202996858.
2, 1063, 95483
List the prime factors of 63131432.
2, 7, 13, 86719
List the prime factors of 14753358.
2, 3, 41, 19991
List the prime factors of 522999817.
522999817
List the prime factors of 4078689673.
283, 787, 18313
List the prime factors of 4563622431.
3, 169023053
List the prime factors of 46086119.
31, 1486649
List the prime factors of 5132657489.
5132657489
List the prime factors of 170857867.
167, 1023101
What are the prime factors of 11285791?
11, 19, 4909
List the prime factors of 243033082.
2, 121516541
List the prime factors of 708490862.
2, 354245431
What are the prime factors of 64644368?
2, 197, 20509
List the prime factors of 405504394.
2, 149, 1360753
What are the prime factors of 3141611561?
11, 23, 12417437
What are the prime factors of 72651935?
5, 14530387
List the prime factors of 494827523.
494827523
List the prime factors of 59968258.
2, 7, 611921
What are the prime factors of 75548099?
11, 107, 64187
List the prime factors of 13787588.
2, 461, 7477
List the prime factors of 456742229.
6257, 72997
What are the prime factors of 307444789?
307444789
What are the prime factors of 89690882?
2, 44845441
List the prime factors of 59834252.
2, 41, 397, 919
List the prime factors of 329212678.
2, 107, 307, 5011
What are the prime factors of 1893669099?
3, 7, 101, 109, 8191
What are the prime factors of 6412339861?
47, 79, 1726997
What are the prime factors of 24129628?
2, 53, 113819
What are the prime factors of 91944026?
2, 149, 308537
What are the prime factors of 113625579?
3, 821, 46133
List the prime factors of 64390608.
2, 3, 43, 10399
List the prime factors of 469565572.
2, 7, 79, 212281
What are the prime factors of 202292281?
2113, 95737
What are the prime factors of 557241923?
7, 73, 1090493
What are the prime factors of 29581297?
2917, 10141
What are the prime factors of 1341310454?
2, 11, 661, 92237
List the prime factors of 44822965.
5, 11, 17, 47939
List the prime factors of 793419470.
2, 5, 197, 402751
What are the prime factors of 1651640871?
3, 550546957
List the prime factors of 256812383.
43, 5972381
What are the prime factors of 739838251?
881, 839771
List the prime factors of 5341988509.
11, 13, 367, 101789
List the prime factors of 78807151.
37, 317, 6719
List the prime factors of 164021773.
164021773
List the prime factors of 872024.
2, 19, 5737
List the prime factors of 5396628804.
2, 3, 7, 109, 589409
What are the prime factors of 87889906?
2, 13, 47, 71, 1013
What are the prime factors of 2146138074?
2, 3, 1033, 115421
List the prime factors of 316647942.
2, 3, 13, 431, 9419
What are the prime factors of 112540584?
2, 3, 13, 197, 1831
What are the prime factors of 102531216?
2, 3, 17, 125651
What are the prime factors of 76938212?
2, 13, 1479581
List the prime factors of 145212394.
2, 173, 283, 1483
List the prime factors of 43114049.
11, 103, 38053
What are the prime factors of 98646215?
5, 139, 141937
List the prime factors of 61016449.
13, 4693573
What are the prime factors of 2831093?
23, 123091
List the prime factors of 74795069.
211, 354479
What are the prime factors of 369405077?
37, 59, 169219
List the prime factors of 62974916.
2, 15743729
What are the prime factors of 3581047685?
5, 716209537
List the prime factors of 811751209.
29, 3187, 8783
List the prime factors of 79494111.
3, 8832679
What are the prime factors of 1436698329?
3, 11, 43536313
List the prime factors of 21316258.
2, 109, 277, 353
What are the prime factors of 449002275?
3, 5, 41, 151, 967
What are the prime factors of 35483915?
5, 7096783
What are the prime factors of 92713414?
2, 23, 2015509
List the prime factors of 3682688995.
5, 37, 47, 423541
What are the prime factors of 1620431730?
2, 3, 5, 223, 8971
What are the prime factors of 28475717?
1193, 23869
List the prime factors of 64724238.
2, 3, 139, 8623
What are the prime factors of 58581881?
17, 47, 157, 467
What are the prime factors of 14291861?
1361, 10501
What are the prime factors of 276871921?
317, 751, 1163
List the prime factors of 369069847.
17, 193, 197, 571
List the prime factors of 159204162.
2, 3, 13, 2041079
List the prime factors of 36893529.
3, 1366427
What are the prime factors of 65641460?
2, 5, 181, 18133
What are the prime factors of 16013263?
7, 373, 6133
List the prime factors of 1022501930.
2, 5, 102250193
What are the prime factors of 1082463048?
2, 3, 29, 172807
What are the prime factors of 703026068?
2, 19, 9250343
List the prime factors of 5853287.
11, 17, 113, 277
What are the prime factors of 1181684878?
2, 11, 53712949
List the prime factors of 1905028734.
2, 3, 7, 29, 1564063
What are the prime factors of 48522692?
2, 17, 713569
What are the prime factors of 148311181?
148311181
List the prime factors of 198328983.
3, 149, 443689
List the prime factors of 80288738.
2, 101, 397469
List the prime factors of 502424035.
5, 17, 1039, 5689
What are the prime factors of 52215143?
17, 89, 34511
List the prime factors of 1302743504.
2, 31, 2626499
List the prime factors of 168631416.
2, 3, 307, 2543
What are the prime factors of 32921220?
2, 3, 5, 548687
List the prime factors of 118659923.
118659923
What are the prime factors of 125832057?
3, 13, 23, 140281
What are the prime factors of 101214819?
3, 43, 87179
What are the prime factors of 764388400?
2, 5, 1910971
What are the prime factors of 4043979594?
2, 3, 797, 31321
List the prime factors of 1025857633.
19, 53992507
List the prime factors of 5287722777.
3, 587524753
What are the prime factors of 60827055?
3, 5, 4055137
List the prime factors of 26769534.
2, 3, 11, 405599
List the prime factors of 204525509.
6317, 32377
List the prime factors of 356474013.
3, 7, 16974953
What are the prime factors of 325236141?
3, 811, 4951
List the prime factors of 407682976.
2, 79, 161267
List the prime factors of 542243221.
13, 41711017
List the prime factors of 30299086.
2, 15149543
List the prime factors of 277571418.
2, 3, 19, 2434837
List the prime factors of 51751450.
2, 5, 191, 5419
What are the prime factors of 367466302?
2, 7, 103, 254831
What are the prime factors of 664894222?
2, 53, 1283, 4889
List the prime factors of 1502031591.
3, 353, 421, 1123
What are the prime factors of 5858237016?
2, 3, 19, 4282337
What are the prime factors of 279513848?
2, 23, 1519097
List the prime factors of 167565238.
2, 43, 1948433
What are the prime factors of 20486706?
2, 3, 137, 24923
List the prime factors of 1304917958.
2, 652458979
What are the prime factors of 117305924?
2, 19, 59, 26161
What are the prime factors of 1231228250?
2, 5, 7, 703559
List the prime factors of 685069094.
2, 17, 2741, 7351
What are the prime factors of 21508236?
2, 3, 597451
List the prime factors of 1878215458.
2, 7, 311, 431377
List the prime factors of 1619348394.
2, 3, 269891399
What are the prime factors of 2727729227?
89, 239, 128237
List the prime factors of 209353463.
11, 47, 557, 727
List the prime factors of 5455275561.
3, 31, 2172551
What are the prime factors of 58148264?
2, 7268533
List the prime factors of 71677302.
2, 3, 43, 367, 757
List the prime factors of 43551326.
2,